 t(a)?
1
Let u(c) = c**2 + 32*c + 72. Let p be u(-29). What is the tens digit of ((-317)/(-1))/(p/(-30))?
3
Suppose 504*d - 493*d - 72974 = 0. What is the hundreds digit of d?
6
Let j(r) = -r**2 - 16*r + 28. Let n be j(-17). Suppose 8736 = 5*v + n*v. What is the units digit of v?
6
Let o be ((-39)/(-4))/(30/(-160)). Let s = o - -223. What is the units digit of s?
1
Let m be (20/3)/(40/60). Suppose 3*q + 4*x - m = 0, -4*q + x = 2*x - 35. Suppose k - q = 71. What is the tens digit of k?
8
Let i(k) = -3*k - 1. Let u be i(-2). Suppose 111 + 359 = u*y. What is the units digit of y?
4
Let x(n) = -15*n**3 + 433*n**2 + 28*n + 28. What is the units digit of x(27)?
6
Let h = -42079 + 71606. What is the units digit of h?
7
Let s(y) = y**3 + 10*y**2 + 21. Suppose -24 = 2*r - 4*u, -u + 45 = -4*r + 4*u. Let t be s(r). Suppose 432 = -15*a + t*a. What is the tens digit of a?
7
What is the units digit of -725*312/(-32) + 18/8?
1
Suppose -64*v + 62*v + 55574 = 9*j, 3*v = 2*j - 12367. What is the tens digit of j?
7
Let r = 14168 - 6140. What is the hundreds digit of r?
0
Suppose 0*a - 2*a - 459 = -t, t = -a + 465. What is the hundreds digit of t?
4
Suppose -21*a - 12 = -24*a. Let j be a/6 - (-204)/(-9). What is the hundreds digit of (-2 + -11)/(2/j*1)?
1
Suppose 0 = 5*i - 5 - 0. Let n(k) = 263*k**3 - k + 2. What is the units digit of n(i)?
4
Let s = 1686 + -1124. What is the tens digit of (-1 - -4) + -9 + s?
5
Let c = -821 + 809. What is the tens digit of 2 + c/4 + (6 - -906)?
1
Let w(y) = -18*y - 616. Let x(t) = -8*t - 307. Let r(j) = 6*w(j) - 13*x(j). What is the tens digit of r(-21)?
7
Let h be (12*(-3)/10)/((-12)/(-60)). What is the units digit of h/3 - (-1452)/6?
6
Suppose 4*p - 577 = 2*w - w, -5*p + 4*w + 735 = 0. Suppose 103 + p = -3*n. Let g = n + 180. What is the tens digit of g?
9
Suppose 0 = -3*a - 15 + 3, -2*a - 118 = -5*o. Let j = o - 22. Suppose j*y + 118 = y. What is the tens digit of y?
1
Let v(f) = 204*f**2 + 105*f + 7. What is the ten thousands digit of v(-9)?
1
What is the units digit of 37926/12 - 12/(-24)?
1
Suppose 0 = -595*k + 506*k + 784980. What is the units digit of k?
0
Suppose 840 = -4*r + 4*m, 3*r + 3*m + 317 = -319. Let k = r - -629. What is the hundreds digit of k?
4
Let h(i) = 382*i**2 + 5*i + 9. Let j be h(-2). Let m(k) = -4*k - 10*k**2 + j + k**3 - 1527. What is the units digit of m(11)?
7
Suppose 8*a - 162 = 22. Suppose 4*o - 5408 = 20*p - a*p, 5412 = 4*o + 2*p. What is the thousands digit of o?
1
Suppose 0*d + 6*d = 42. Suppose -4*x - r - d = 1, -5*r = 5*x + 10. What is the units digit of x*1 + (4 - -71)?
3
Suppose -8 = 2*p, 0*u + 2*u = p - 16. What is the units digit of ((-4)/6)/(u/15) - -39?
0
Suppose 650 + 382 = 4*x. Let k = 67 + 76. Let u = x - k. What is the tens digit of u?
1
Let d = 9 - -6. Let a(b) = -2*b - 21. Let m be a(-34). Let j = d + m. What is the tens digit of j?
6
Suppose 0 = 3*g + 2*g + 5*k - 40, k + 7 = 4*g. Let y be -2*g*361/(-57). Suppose 48 = y*b - 34*b. What is the units digit of b?
2
Suppose -439*c + 7021728 = -267*c. What is the thousands digit of c?
0
Suppose 2*y + 6*w - 5138 = y, -2*y = 2*w - 10326. What is the hundreds digit of y?
1
Let x = -5 - -9. Suppose 0 = -x*q + 8. What is the tens digit of (1 - q)/(602/(-150) - -4)?
7
Suppose 0 = -97*c - 122287 + 465138 + 658189. What is the thousands digit of c?
0
Suppose -2944*y = -2906*y - 870276. What is the units digit of y?
2
Suppose -2*d + 3886 = 3*i + 2*d, 4*d + 20 = 0. Let w = i + -740. What is the units digit of w?
2
Suppose -250*p = -257*p + 63904 - 20196. What is the units digit of p?
4
Suppose 2*t + 12 = -4*t. What is the tens digit of 324 + 0 + t + 1 + 0?
2
Suppose 5*k - 8*v = -7*v + 121277, -72753 = -3*k + 5*v. What is the tens digit of k?
5
Let y(l) be the third derivative of l**6/120 + l**5/15 - l**4/4 + l**3/2 + 19*l**2. Let s be y(-5). Suppose -s*i = -12*i + 180. What is the tens digit of i?
4
Suppose 148 - 16 = -12*m. What is the units digit of (-4)/(-10) + (37356/(-60))/m?
7
Let k(v) = 43*v + 668. Let b(g) = -15*g - 222. Let n(x) = 11*b(x) + 4*k(x). What is the units digit of n(36)?
2
Let w(i) = 869*i - 94. What is the units digit of w(5)?
1
Suppose -4*d - 52 = -5*w, -2*w - 53*d = -52*d - 13. Let z(t) = 3*t**3 - 13*t**2 + 3*t - 19. What is the tens digit of z(w)?
0
Let n(y) = -y**3 - 11*y**2 + 14*y + 31. Let r be n(-12). Suppose -r = -s + 27. What is the units digit of s?
4
What is the units digit of 1/(1/(-6)) + 22 + 4738 + 17?
1
Let k be (-3)/(-6)*(-16)/(-2). Suppose -2*d + 1 = 9, 2*d = k*j - 100. Let r = 83 - j. What is the units digit of r?
0
Let b = 461 - 909. Let g be 1/(-10) + 1449/(-210). What is the units digit of (g/(-2))/((-7)/b)?
4
What is the ten thousands digit of 4 - 79315/(-7) - (-52)/182?
1
Let s(l) = 4*l + 9. Let c be s(0). Suppose 0 = -5*r - 2*q + 1607, -c*r + 977 = -6*r - 2*q. What is the tens digit of r?
2
Let a be (16/14)/(4/14). Let y(g) = 15*g**2 - g + 2. What is the tens digit of y(a)?
3
Suppose 0 = -r + 1359 + 6586. What is the hundreds digit of r?
9
Let o = 66 - 62. Suppose 16 = 5*y - o. Suppose 0 = -y*x + 924 - 260. What is the units digit of x?
6
Let y(v) = -1 + v**2 + 4*v + 0*v**3 - v + 0*v**3 - 6*v**3. Let h be y(-3). Suppose -429 = -h*n + 158*n. What is the tens digit of n?
4
Let y = 398 - 1403. Let b = -803 - y. What is the units digit of b?
2
Suppose 5*j = -6*j + 69080. Suppose 2156 = 12*t - j. What is the tens digit of t?
0
Suppose -4731 = -6*o - 5*h, 789 = 5*o - 4*o + h. Let p = o - 414. What is the tens digit of p?
7
Let t be (-4 - -4 - 4) + 11. Let y(k) = 5 - 65*k - t + 1. What is the tens digit of y(-1)?
6
Let v = -3 - -39. Suppose -37*b + 130 = -v*b. Let f = 17 + b. What is the hundreds digit of f?
1
Let b(z) = -z**2 - 1. Let y(h) = -h**3 + 15*h**2 + 4*h - 6. Let w(x) = 5*b(x) + y(x). Let l be w(10). Suppose -34*r + 550 = -l*r. What is the units digit of r?
0
Suppose 52 = -4*c - 2*q, q - 5*q - 16 = 0. Let y be (-35)/c + 4/(-22). Suppose s - 2 = 3*s, y*s = -5*p + 587. What is the hundreds digit of p?
1
Let h(m) = 21*m**2 - 687*m + 58. What is the ten thousands digit of h(-42)?
6
Suppose 0 = -5*z - 3*t + 117192, z + 4*t + 7717 = 31152. What is the tens digit of z?
3
Suppose 44516 = 66*h - 35*h. What is the tens digit of h?
3
Suppose -u + 0*q + 4 = 4*q, 4*u - 4*q = 16. Suppose -u*j - 1 = -13. What is the tens digit of (-10 - 3)/(j/(-6))?
2
What is the ten thousands digit of (-502338)/(-15) + 26/(-130)?
3
Suppose h + 6 = 4*o, 4*h - 3*o - 13 = 2*h. Suppose -17*k = -h*k - 1578. What is the units digit of k?
6
Let d be (550/(-4))/((-38)/76). Suppose 5*r - 4*c = 1353, -5*r + c + 1087 + d = 0. What is the tens digit of r?
7
Suppose 410*i + 53109 = 417*i. What is the units digit of i?
7
Suppose -3*p + 2*p + 40 = 3*o, -4*o + p = -65. Suppose -4*f = -y - 5, 8*f - 3*y = 3*f + o. Suppose 3*d - 45 - 84 = f. What is the tens digit of d?
4
Let x(f) = -f**3 + 11*f**2 - 7*f - 26. Let s be x(10). Suppose s*q - 7452 = -5*z - 2776, 3*q - 4*z = 3476. What is the thousands digit of q?
1
Let g be (0/(-4 - -5))/2. Suppose -4*v + g = o + 6, 12 = 3*o - 3*v. Let h(q) = 26*q**3 - 4*q**2 + 4*q - 3. What is the hundreds digit of h(o)?
1
Let n be 1 - 2 - -4 - 31380/(-20). Let f be n/15 - 1/(-5). Suppose 5*z = 2*g - 212, g - 5*z + 2*z - f = 0. What is the hundreds digit of g?
1
What is the hundreds digit of 10674 + (5 - 2) + -103 + 112?
6
Suppose -6798 = 320*b - 326*b. What is the thousands digit of (-7 - (3 - 9))/((-1)/b)?
1
Let w = -294 + 319. Suppose -18762 = -w*g + 1938. What is the tens digit of g?
2
Let x(g) = -10606*g - 16704. What is the ten thousands digit of x(-8)?
6
Let k(m) = -100*m - 13. Let l be k(6). Let o = -366 - l. What is the tens digit of o?
4
Suppose -4*h - 16 = 0, -x + 0*x + 96 = -h. Let z = -46 + x. What is the units digit of z?
6
Suppose 212320 + 203412 = 74*v. What is the units digit of v?
8
Suppose 4*c - 16 = 3*y, -4*y + 6*c = 4*c + 18. What is the hundreds digit of (-9)/((-45)/4820)*(-3 - y)?
9
Suppose 1032 = -2*w + 3696. Suppose w = c + 286. What is the thousands digit of c?
1
Let f(s) = 275*s**3 + 3*s**2 + 2*s + 9. Let c(h) = 92*h**3 + h**2 + h + 3. Let x(q) = -7*c(q) + 2*f(q). Suppose 12*d = 13 - 25. What is the units digit of x(d)?
3
Suppose 15*p - 18*p = -2038 - 9428. What is the tens digit of p?